{"id":306,"date":"2024-02-27T02:59:59","date_gmt":"2024-02-27T02:59:59","guid":{"rendered":"https:\/\/www.ideadeoriente.edu.mx\/?page_id=306"},"modified":"2024-02-27T03:12:08","modified_gmt":"2024-02-27T03:12:08","slug":"aviso-de-privacidad","status":"publish","type":"page","link":"https:\/\/www.ideadeoriente.edu.mx\/index.php\/aviso-de-privacidad\/","title":{"rendered":"Aviso de Privacidad"},"content":{"rendered":"<p>[et_pb_section fb_built=\u00bb1&#8243; fullwidth=\u00bbon\u00bb _builder_version=\u00bb4.23.1&#8243; _module_preset=\u00bbdefault\u00bb hover_enabled=\u00bb0&#8243; global_colors_info=\u00bb{}\u00bb animation_style=\u00bbslide\u00bb sticky_enabled=\u00bb0&#8243;][et_pb_fullwidth_image src=\u00bbhttps:\/\/www.ideadeoriente.edu.mx\/wp-content\/uploads\/2023\/11\/df468a32-d637-4754-93c4-fcd8612531e4_out-1992&#215;1008.jpg\u00bb title_text=\u00bbdf468a32-d637-4754-93c4-fcd8612531e4_out-1992&#215;1008&#8243; _builder_version=\u00bb4.23.1&#8243; _module_preset=\u00bbdefault\u00bb global_colors_info=\u00bb{}\u00bb][\/et_pb_fullwidth_image][\/et_pb_section][et_pb_section fb_built=\u00bb1&#8243; admin_label=\u00bbFeatures\u00bb _builder_version=\u00bb4.23.1&#8243; custom_margin=\u00bb80px||||false|false\u00bb custom_padding=\u00bb0px|||||\u00bb locked=\u00bboff\u00bb global_colors_info=\u00bb{}\u00bb][et_pb_row _builder_version=\u00bb4.16&#8243; global_colors_info=\u00bb{}\u00bb][et_pb_column type=\u00bb4_4&#8243; _builder_version=\u00bb4.16&#8243; custom_padding=\u00bb|||\u00bb global_colors_info=\u00bb{}\u00bb custom_padding__hover=\u00bb|||\u00bb][et_pb_text _builder_version=\u00bb4.23.1&#8243; text_font=\u00bb||||||||\u00bb text_font_size=\u00bb16px\u00bb text_line_height=\u00bb2em\u00bb header_2_font=\u00bbRubik|500||on|||||\u00bb header_2_text_color=\u00bb#ff8f00&#8243; header_2_font_size=\u00bb14px\u00bb header_2_letter_spacing=\u00bb1px\u00bb header_2_line_height=\u00bb1.5em\u00bb header_3_font=\u00bbRubik|500|||||||\u00bb header_3_font_size=\u00bb38px\u00bb header_3_line_height=\u00bb1.4em\u00bb text_orientation=\u00bbcenter\u00bb max_width=\u00bb700px\u00bb module_alignment=\u00bbcenter\u00bb animation_style=\u00bbbounce\u00bb header_2_font_size_tablet=\u00bb42px\u00bb header_2_font_size_phone=\u00bb32px\u00bb header_2_font_size_last_edited=\u00bboff|desktop\u00bb header_3_font_size_tablet=\u00bb28px\u00bb header_3_font_size_phone=\u00bb20px\u00bb header_3_font_size_last_edited=\u00bbon|phone\u00bb locked=\u00bboff\u00bb global_colors_info=\u00bb{}\u00bb]<\/p>\n<h2>Queremos que conozcas nuestro<\/h2>\n<h3>Aviso de Privacidad Integral<\/h3>\n<p>[\/et_pb_text][\/et_pb_column][\/et_pb_row][et_pb_row _builder_version=\u00bb4.23.1&#8243; _module_preset=\u00bbdefault\u00bb global_colors_info=\u00bb{}\u00bb][et_pb_column type=\u00bb4_4&#8243; _builder_version=\u00bb4.23.1&#8243; _module_preset=\u00bbdefault\u00bb global_colors_info=\u00bb{}\u00bb][et_pb_text _builder_version=\u00bb4.23.1&#8243; _module_preset=\u00bbdefault\u00bb text_font_size=\u00bb16px\u00bb text_line_height=\u00bb1.5em\u00bb text_orientation=\u00bbjustified\u00bb animation_style=\u00bbflip\u00bb global_colors_info=\u00bb{}\u00bb]<\/p>\n<p>Instituto de Estudios Avanzados de Oriente S.C., mejor conocido como IDEA de Oriente, con domicilio en Poniente 5 No 454 Colonia Centro con c\u00f3digo postal 94300 en la ciudad de Orizaba, Veracruz y portal de internet www.ideadeoriente.edu.mx, es el responsable del uso y protecci\u00f3n de sus datos personales, con fundamento en los art\u00edculos 15, 16 y 17 de la Ley Federal de Protecci\u00f3n de Datos Personales en Posesi\u00f3n de Particulares, y al respecto en los t\u00e9rminos establecidos se emite el presente.<\/p>\n<p>DATOS PERSONALES QUE SON UTILIZADOS.<\/p>\n<p>Nombre, Registro Federal de Contribuyentes (RFC), Clave \u00fanica de Registro de Poblaci\u00f3n (CURP), Lugar y fecha de nacimiento, Edad, Nacionalidad, Domicilio, Tel\u00e9fono particular, Tel\u00e9fono celular, Firma aut\u00f3grafa y Fotograf\u00eda.<\/p>\n<p>FINES DE UTILIZACI\u00d3N DE DATOS PERSONALES.<\/p>\n<p>Los datos personales que recabamos de usted al momento de inscribirse como alumno de IDEA de Oriente nos permiten: dar seguimiento de su historial acad\u00e9mico, tr\u00e1mites administrativos, pagos e informaci\u00f3n que requiere la Secretar\u00eda de Educaci\u00f3n P\u00fablica (S.E.P).<br \/>TERCEROS CON LOS QUE SE COMPARTEN LOS DATOS PERSONALES.<\/p>\n<p>Le informamos que su informaci\u00f3n personal acad\u00e9mica es compartida exclusivamente con la Secretar\u00eda de Educaci\u00f3n P\u00fablica (S.E.P)<\/p>\n<p>TRATAMIENTO DE LOS DATOS PERSONALES.<\/p>\n<p>Cuando requerimos transferir sus datos personales con personas, empresas, organizaciones o autoridades, se realiza a trav\u00e9s del siguiente procedimiento:<\/p>\n<p>Se comunica al tercero el aviso de privacidad correspondiente al tratamiento en que se obtuvieron sus datos personales y las finalidades a las que nos sujetamos para su tratamiento.<\/p>\n<p>Se formaliza la obligaci\u00f3n de no difundir sus datos personales mediante la suscripci\u00f3n de un convenio de confidencialidad, el cual contiene cl\u00e1usulas mismas que en conjunto sirven de instrumento jur\u00eddico asegurando que el mismo se encuentra apegado a las reglas para la transferencia de datos personales, y a su vez permiten demostrar este alcance.<\/p>\n<p>En consecuencia mediante la celebraci\u00f3n del convenio de confidencialidad queda expresa la manifestaci\u00f3n del tercero y se obliga a proteger los datos personales conforme a los principios y deberes que establecen las disposiciones que resulten aplicables en la materia.<\/p>\n<p>POL\u00cdTICA DE PRIVACIDAD EN L\u00cdNEA.<\/p>\n<p>Cuando usted ingresa a la p\u00e1gina www.ideadeoriente.edu.mx se registra su direcci\u00f3n de Internet, el tipo de sistema operativo que usted utiliza y el tipo de software navegador que usted usa. Adicionalmente se podr\u00e1 conocer las partes del portal que usted est\u00e1 visitando. En este proceso nosotros no tenemos conocimiento de su nombre o de alguna otra informaci\u00f3n que nos permita identificarlo, es decir se realiza de manera an\u00f3nima, salvo que inicie sesi\u00f3n con las credenciales de acceso proporcionadas por IDEA de Oriente.<\/p>\n<p>Cookies: La cookie es una breve informaci\u00f3n que el portal de Internet env\u00eda a sus dispositivos, la cual queda almacenada en su disco duro. La pr\u00f3xima vez que usted ingrese a nuestro portal o aplicaciones, podremos usar la informaci\u00f3n almacenada en la cookie para facilitarle el uso de nuestros sitios.<\/p>\n<p>Uso de im\u00e1genes: Idea de Oriente podr\u00e1 utilizar, imprimir, reproducir y publicar la(s), imagen(es), (en fotograf\u00eda o v\u00eddeo), de los alumnos en medios impresos, electr\u00f3nicos (blogs, redes sociales, sitio web), en todas sus manifestaciones. Para el caso de querer utilizar los medios antes descritos para fines publicitarios se requiere de su consentimiento.<\/p>\n<p>PROCEDIMIENTO PARA EJERCER DERECHOS ARCO: ACCESO, RECTIFICACI\u00d3N, CANCELACI\u00d3N A DATOS PERSONALES U OPOSICI\u00d3N A SU USO.<\/p>\n<p>Usted tiene derecho a conocer que datos personales tenemos de usted, para que los utilizamos y las condiciones del uso que les damos (Acceso). Asimismo, es su derecho solicitar la correcci\u00f3n de su informaci\u00f3n personal en caso de que est\u00e9 desactualizada, sea inexacta o incompleta (Rectificaci\u00f3n); que la eliminemos de nuestros registros o bases de datos cuando considere que la misma no est\u00e1 siendo utilizada adecuadamente (Cancelaci\u00f3n); as\u00ed como oponerse al uso de sus datos personales para fines espec\u00edficos (Oposici\u00f3n). Estos derechos se conocen como derechos ARCO.<\/p>\n<p>Usted puede revocar el consentimiento que, en su caso, nos haya otorgado para el tratamiento de sus datos personales. Sin embargo, es importante que tenga en cuenta que no en todos los casos podremos atender su solicitud o concluir el uso de forma inmediata, ya que es posible que por alguna obligaci\u00f3n legal requiramos seguir tratando sus datos personales. Asimismo, usted deber\u00e1 considerar que para ciertos fines, la revocaci\u00f3n de su consentimiento implicar\u00e1 que no le podamos seguir prestando el servicio que nos solicit\u00f3, o la conclusi\u00f3n de su relaci\u00f3n con nosotros.<\/p>\n<p>Para el ejercicio de cualquiera de los derechos ARCO, de conformidad con la Ley Federal de Protecci\u00f3n de Datos Personales en Posesi\u00f3n de los Particulares, usted deber\u00e1 presentar la solicitud respectiva conforme el presente procedimiento:<\/p>\n<p>Enviar un correo electr\u00f3nico, a la direcci\u00f3n: enlace@ideadeoriente.edu.mx realizando su solicitud para el ejercicio de los derechos ARCO, deber\u00e1n presentarse en horas y d\u00edas h\u00e1biles, deber\u00e1 incluir su nombre completo, as\u00ed como la relaci\u00f3n escolar que tenga con Idea de Oriente, el tipo de derecho que desea ejercer, identificando con precisi\u00f3n los datos respecto de los cuales solicite el acceso, rectificaci\u00f3n, cancelaci\u00f3n u oposici\u00f3n, o aquellos en lo que decida revocar su consentimiento, anexando su identificaci\u00f3n oficial (Credencial de Elector INE) con el fin de acreditar su identidad o la personalidad con la que realiza la solicitud. Para la rectificaci\u00f3n de datos ser\u00e1 necesario se\u00f1alar con precisi\u00f3n la modificaci\u00f3n que debe hacerse, anexando la documentaci\u00f3n que justifique la misma.<\/p>\n<p>Una vez enviada su solicitud al correo electr\u00f3nico le ser\u00e1 enviado un acuse de recibo con la fecha de recepci\u00f3n que corresponda. Si se detecta que falta alg\u00fan requisito legal, dentro de los cinco d\u00edas h\u00e1biles a su recepci\u00f3n, ser\u00e1 requerido subsanar su solicitud en un t\u00e9rmino de diez d\u00edas h\u00e1biles, de lo contrario, se tendr\u00e1 por no presentada.<br \/>En caso que su solicitud haya sido enviada en viernes o bien en d\u00eda inh\u00e1bil laboral, la misma podr\u00e1 ser recibida a partir del d\u00eda h\u00e1bil siguiente al que la haya enviado.<br \/>En un t\u00e9rmino de veinte d\u00edas h\u00e1biles contados a partir de la fecha de acuse de recibo se dar\u00e1 respuesta a su solicitud v\u00eda correo electr\u00f3nico. Conforme a lo estipulado por el art\u00edculo 97 del Reglamento de la LFPDPPP el plazo se\u00f1alado podr\u00e1 prorrogarse de manera justificada hasta por veinte d\u00edas h\u00e1biles adicionales, haciendo de su conocimiento lo anterior al titular.<br \/>En caso de que su solicitud sea procedente de conformidad con la LFPDPPP y dem\u00e1s normatividad vigente, se otorgar\u00e1 el acceso, se rectificar\u00e1n o cancelaran sus datos, se har\u00e1 efectivo su derecho de oposici\u00f3n o se tendr\u00e1 por revocado el consentimiento, dentro de los quince d\u00edas h\u00e1biles siguientes a la fecha en que se d\u00e9 respuesta a su solicitud. Este plazo podr\u00e1 ampliarse por quince d\u00edas h\u00e1biles adicionales cuando existan causas que lo justifiquen, esta situaci\u00f3n se notificar\u00e1 al titular de acuerdo a lo establecido por el art\u00edculo 97 del Reglamento de la Ley Federal de Protecci\u00f3n de Datos Personales en Posesi\u00f3n de los Particulares (RLFPDPPP).<br \/>En t\u00e9rminos de lo se\u00f1alado por los art\u00edculos 32, 33, 34 y 35 de la LFPDPPP, los datos personales ser\u00e1n enviados al correo electr\u00f3nico del titular, si fuera de modo diverso, el titular cubrir\u00e1 los gastos que ello implique.<br \/>Para el caso que desee presentar su solicitud de derechos ARCO de manera presencial se dejan los datos de contacto de Caja Popular de Ahorros Yanga, S.C. de A.P. de R.L. de C.V. para dar tr\u00e1mite a las solicitudes, son los siguientes:<\/p>\n<p>Domicilio: Poniente 5 No 454 Colonia Centro con c\u00f3digo postal 94300 en la ciudad de Orizaba, Veracruz, M\u00e9xico y portal de internet www.ideadeoriente.edu.mx<\/p>\n<p>Correo electr\u00f3nico: enlace@ideadeoriente.edu.mx N\u00famero telef\u00f3nico: 272 725 0007<\/p>\n<p>LIMITACI\u00d3N DEL USO O DIVULGACI\u00d3N DE INFORMACI\u00d3N PERSONAL.<\/p>\n<p>Si usted desea limitar el uso y divulgaci\u00f3n de su informaci\u00f3n personal, podr\u00e1 comunicarse al n\u00famero telef\u00f3nico: 272 725 0007 o bien realizar su solicitud al correo electr\u00f3nico: enlace@ideadeoriente.edu.mx<\/p>\n<p>CAMBIOS DEL AVISO DE PRIVACIDAD.<\/p>\n<p>El presente aviso de privacidad puede sufrir modificaciones, cambios o actualizaciones derivadas de nuevos requerimientos legales; de nuestras propias necesidades por los productos o servicios que ofrecemos; de nuestras pr\u00e1cticas de privacidad; de cambios en nuestro modelo de negocio, o por otras causas.<\/p>\n<p>Nos comprometemos a mantenerlo informado sobre los cambios que pueda sufrir el presente aviso de privacidad, a trav\u00e9s de la p\u00e1gina de internet: www.ideadeoriente.edu.mx y; mediante carteles que estar\u00e1n ubicados en las instalaciones de Idea de Oriente.<\/p>\n<p>QUEJAS Y DENUNCIAS POR EL TRATAMIENTO INDEBIDO DE SUS DATOS PERSONALES<\/p>\n<p>Para interponer la queja o denuncia correspondiente por alguna violaci\u00f3n a las disposiciones previstas en la Ley Federal de Protecci\u00f3n de Datos Personales en Posesi\u00f3n de los Particulares, ante el Instituto Nacional de Transparencia, Acceso a la Informaci\u00f3n y Protecci\u00f3n de Datos Personales (INAI), puede visitar la p\u00e1gina www.inai.org.mx.<\/p>\n<p>\u00daltima actualizaci\u00f3n 16 de enero de 2024.<\/p>\n<p>[\/et_pb_text][\/et_pb_column][\/et_pb_row][\/et_pb_section][et_pb_section fb_built=\u00bb1&#8243; prev_background_color=\u00bb#ffffff\u00bb _builder_version=\u00bb4.23.1&#8243; _module_preset=\u00bbdefault\u00bb background_enable_color=\u00bboff\u00bb use_background_color_gradient=\u00bbon\u00bb background_color_gradient_stops=\u00bb#007db8 0%|#007db8 100%\u00bb custom_padding=\u00bb147px|||||\u00bb top_divider_style=\u00bbcurve2&#8243; animation_style=\u00bbslide\u00bb global_module=\u00bb148&#8243; saved_tabs=\u00bball\u00bb global_colors_info=\u00bb{}\u00bb][et_pb_row _builder_version=\u00bb4.23.1&#8243; _module_preset=\u00bbdefault\u00bb global_colors_info=\u00bb{}\u00bb][et_pb_column type=\u00bb4_4&#8243; _builder_version=\u00bb4.23.1&#8243; _module_preset=\u00bbdefault\u00bb global_colors_info=\u00bb{}\u00bb][et_pb_image src=\u00bbhttps:\/\/www.ideadeoriente.edu.mx\/wp-content\/uploads\/2023\/11\/logo_cuadrado_white.png\u00bb title_text=\u00bblogo_cuadrado_white\u00bb align=\u00bbcenter\u00bb _builder_version=\u00bb4.23.1&#8243; _module_preset=\u00bbdefault\u00bb height=\u00bb75px\u00bb global_colors_info=\u00bb{}\u00bb][\/et_pb_image][et_pb_text _builder_version=\u00bb4.23.1&#8243; _module_preset=\u00bbdefault\u00bb text_text_color=\u00bb#FFFFFF\u00bb text_font_size=\u00bb30px\u00bb text_line_height=\u00bb1.5em\u00bb text_orientation=\u00bbcenter\u00bb hover_enabled=\u00bb0&#8243; global_colors_info=\u00bb{}\u00bb sticky_enabled=\u00bb0&#8243;]<\/p>\n<p>Instituto de Estudios Avanzados de Oriente S.C.<\/p>\n<p>[\/et_pb_text][et_pb_text _builder_version=\u00bb4.23.1&#8243; _module_preset=\u00bbdefault\u00bb text_text_color=\u00bb#FFFFFF\u00bb text_font_size=\u00bb18px\u00bb text_line_height=\u00bb1.5em\u00bb text_orientation=\u00bbcenter\u00bb hover_enabled=\u00bb0&#8243; global_colors_info=\u00bb{}\u00bb sticky_enabled=\u00bb0&#8243;]<a href=\"https:\/\/www.ideadeoriente.edu.mx\/index.php\/aviso-de-privacidad\/\" style=\"color: #fff; text-decoration: underline;\">Aviso de privacidad<\/a>[\/et_pb_text][\/et_pb_column][\/et_pb_row][et_pb_row column_structure=\u00bb1_2,1_2&#8243; _builder_version=\u00bb4.23.1&#8243; _module_preset=\u00bbdefault\u00bb global_colors_info=\u00bb{}\u00bb][et_pb_column type=\u00bb1_2&#8243; _builder_version=\u00bb4.23.1&#8243; _module_preset=\u00bbdefault\u00bb global_colors_info=\u00bb{}\u00bb][et_pb_text _builder_version=\u00bb4.23.1&#8243; _module_preset=\u00bbdefault\u00bb text_text_color=\u00bb#FFFFFF\u00bb text_font_size=\u00bb16px\u00bb header_2_text_color=\u00bb#FFFFFF\u00bb header_2_font_size=\u00bb28px\u00bb text_orientation=\u00bbcenter\u00bb global_colors_info=\u00bb{}\u00bb]<\/p>\n<h2>Contacto<\/h2>\n<p>Poniente 5 # 454 Col. Centro<br \/>Orizaba, Ver. M\u00e9xico 94300<br \/>272 725 0007<\/p>\n<p>[\/et_pb_text][\/et_pb_column][et_pb_column type=\u00bb1_2&#8243; _builder_version=\u00bb4.23.1&#8243; _module_preset=\u00bbdefault\u00bb global_colors_info=\u00bb{}\u00bb][et_pb_text _builder_version=\u00bb4.23.1&#8243; _module_preset=\u00bbdefault\u00bb text_text_color=\u00bb#FFFFFF\u00bb text_font_size=\u00bb16px\u00bb header_2_text_color=\u00bb#FFFFFF\u00bb header_2_font_size=\u00bb28px\u00bb text_orientation=\u00bbcenter\u00bb hover_enabled=\u00bb0&#8243; global_colors_info=\u00bb{}\u00bb sticky_enabled=\u00bb0&#8243;]<\/p>\n<h2>Accesos<\/h2>\n<p><a href=\"https:\/\/moon.ideadeoriente.edu.mx\" style=\"color: #fff; text-decoration: underline;\">Sistema Escolar<\/a><br \/><a href=\"mailto:enlace@ideadeoriente.edu.mx\" style=\"color: #fff; text-decoration: underline;\">enlace@ideadeoriente.edu.mx<\/a><br \/><a href=\"mailto:sistemas@ideadeoriente.edu.mx\" style=\"color: #fff; text-decoration: underline;\">sistemas@ideadeoriente.edu.mx<\/a><\/p>\n<p>[\/et_pb_text][\/et_pb_column][\/et_pb_row][\/et_pb_section]<\/p>\n","protected":false},"excerpt":{"rendered":"<p>Queremos que conozcas nuestro Aviso de Privacidad IntegralInstituto de Estudios Avanzados de Oriente S.C., mejor conocido como IDEA de Oriente, con domicilio en Poniente 5 No 454 Colonia Centro con c\u00f3digo postal 94300 en la ciudad de Orizaba, Veracruz y portal de internet www.ideadeoriente.edu.mx, es el responsable del uso y protecci\u00f3n de sus datos personales, [&hellip;]<\/p>\n","protected":false},"author":1,"featured_media":0,"parent":0,"menu_order":0,"comment_status":"closed","ping_status":"closed","template":"","meta":{"_et_pb_use_builder":"on","_et_pb_old_content":"<!-- wp:divi\/placeholder \/-->","_et_gb_content_width":"","footnotes":""},"class_list":["post-306","page","type-page","status-publish","hentry"],"_links":{"self":[{"href":"https:\/\/www.ideadeoriente.edu.mx\/index.php\/wp-json\/wp\/v2\/pages\/306","targetHints":{"allow":["GET"]}}],"collection":[{"href":"https:\/\/www.ideadeoriente.edu.mx\/index.php\/wp-json\/wp\/v2\/pages"}],"about":[{"href":"https:\/\/www.ideadeoriente.edu.mx\/index.php\/wp-json\/wp\/v2\/types\/page"}],"author":[{"embeddable":true,"href":"https:\/\/www.ideadeoriente.edu.mx\/index.php\/wp-json\/wp\/v2\/users\/1"}],"replies":[{"embeddable":true,"href":"https:\/\/www.ideadeoriente.edu.mx\/index.php\/wp-json\/wp\/v2\/comments?post=306"}],"version-history":[{"count":11,"href":"https:\/\/www.ideadeoriente.edu.mx\/index.php\/wp-json\/wp\/v2\/pages\/306\/revisions"}],"predecessor-version":[{"id":325,"href":"https:\/\/www.ideadeoriente.edu.mx\/index.php\/wp-json\/wp\/v2\/pages\/306\/revisions\/325"}],"wp:attachment":[{"href":"https:\/\/www.ideadeoriente.edu.mx\/index.php\/wp-json\/wp\/v2\/media?parent=306"}],"curies":[{"name":"wp","href":"https:\/\/api.w.org\/{rel}","templated":true}]}}